{"id":4774,"date":"2021-02-08T09:31:41","date_gmt":"2021-02-08T08:31:41","guid":{"rendered":"https:\/\/caffebar-tonci.hr\/shop\/?post_type=product&#038;p=4774"},"modified":"2023-05-19T15:16:14","modified_gmt":"2023-05-19T13:16:14","slug":"torta-7-grijeha","status":"publish","type":"product","link":"https:\/\/www.caffebar-tonci.hr\/shop\/product\/torta-7-grijeha\/","title":{"rendered":"Torta \u2013 7 grijeha"},"content":{"rendered":"<p>SASTOJCI:jaja, p\u0161eni\u010dno bra\u0161no,\u010dokolada u prahu,emulgatori:E471,E472a,E472b,tvari za rahljenje E450I-E500II,zgu\u0161njiva\u010d E412,dehidrirani glukozni sirup, \u0161e\u0107er , \u017eivotinjska \u017eelatina (gove\u0111a),\u00a0 \u00a0mlijeko \u00a0\u00a0smanjene masno\u0107e prahu, \u0161krob, arome, \u00a0modificirani \u0161krob, , mlije\u010dna sirutka u prahu, laktoza<strong>,<\/strong>\u00a0 zgu\u0161njiva\u010d:E407, sol, arome, prehrambene boje: beta karoten-E171,pr\u017eeni lje\u0161njaci,biljna mast(palmina),biljno ulje(suncokret),keksi, obrano mlijeko u prahu,obrani kakao sa 10\/12% kakao maslaca,emulgator:sojin lecitin,arome,ekstrat ru\u017emarina, mlije\u010dno vrhnje,stabilizator E407,potpuno hidrogenizirana biljna mast,sorbitol,mlje\u010dne bjelan\u010devine,stabilizatori E463-E340II,emulgatori E481,sojin lecitin,E472b,sol,aroma,bojaE160a<\/p>\n<p>Alergeni:<\/p>\n<ul>\n<li><strong>Sadr\u017ei mlijeko i mlije\u010dne derivate (ulju\u010divo laktozu).<\/strong><\/li>\n<li><strong>Sadr\u017ei jaja i proizvode od jaja.<\/strong><\/li>\n<li><strong>Sadr\u017ei soju i proizvode na bazi soje.<\/strong><\/li>\n<li><strong>Sadr\u017ei ko\u0161tuni\u010davo \u2013 ora\u0161asto vo\u0107e \u2013 lje\u0161njake.<\/strong><\/li>\n<li><strong>Sadr\u017ei \u017eitarice koje sadr\u017ee gluten.<\/strong><\/li>\n<\/ul>\n<p><strong>Mo\u017ee sadr\u017eavati bademe, orahe, sjemenke sezama, kikiriki u tragovima<\/strong><\/p>\n","protected":false},"excerpt":{"rendered":"<p>U koliko \u017eelite naru\u010diti tortu s pokrivkom (slikom), molimo Vas da prilo\u017eite jednu po Va\u0161oj \u017eelji.<\/p>\n","protected":false},"featured_media":4991,"template":"","meta":[],"product_brand":[],"product_cat":[311],"product_tag":[],"class_list":{"0":"post-4774","1":"product","2":"type-product","3":"status-publish","4":"has-post-thumbnail","6":"product_cat-torte","8":"first","9":"instock","10":"featured","11":"shipping-taxable","12":"purchasable","13":"product-type-variable","14":"has-default-attributes"},"_links":{"self":[{"href":"https:\/\/www.caffebar-tonci.hr\/shop\/wp-json\/wp\/v2\/product\/4774","targetHints":{"allow":["GET"]}}],"collection":[{"href":"https:\/\/www.caffebar-tonci.hr\/shop\/wp-json\/wp\/v2\/product"}],"about":[{"href":"https:\/\/www.caffebar-tonci.hr\/shop\/wp-json\/wp\/v2\/types\/product"}],"wp:featuredmedia":[{"embeddable":true,"href":"https:\/\/www.caffebar-tonci.hr\/shop\/wp-json\/wp\/v2\/media\/4991"}],"wp:attachment":[{"href":"https:\/\/www.caffebar-tonci.hr\/shop\/wp-json\/wp\/v2\/media?parent=4774"}],"wp:term":[{"taxonomy":"product_brand","embeddable":true,"href":"https:\/\/www.caffebar-tonci.hr\/shop\/wp-json\/wp\/v2\/product_brand?post=4774"},{"taxonomy":"product_cat","embeddable":true,"href":"https:\/\/www.caffebar-tonci.hr\/shop\/wp-json\/wp\/v2\/product_cat?post=4774"},{"taxonomy":"product_tag","embeddable":true,"href":"https:\/\/www.caffebar-tonci.hr\/shop\/wp-json\/wp\/v2\/product_tag?post=4774"}],"curies":[{"name":"wp","href":"https:\/\/api.w.org\/{rel}","templated":true}]}}