{"id":1022,"date":"2018-10-26T09:41:36","date_gmt":"2018-10-26T09:41:36","guid":{"rendered":"http:\/\/dolcino.mikado-themes.com\/?page_id=1022"},"modified":"2020-05-18T12:23:47","modified_gmt":"2020-05-18T10:23:47","slug":"about-us","status":"publish","type":"page","link":"https:\/\/www.caffebar-tonci.hr\/shop\/about-us\/","title":{"rendered":"O nama"},"content":{"rendered":"<p>[vc_row row_content_width=&#8221;grid&#8221; disable_background_image=&#8221;&#8221; css=&#8221;.vc_custom_1542706997506{padding-top: 146px !important;padding-bottom: 112px !important;}&#8221; simple_background_image=&#8221;3333&#8243;][vc_column]<div class=\"mkdf-elements-holder   mkdf-one-column  mkdf-responsive-mode-768 \" ><div class=\"mkdf-eh-item    \"  data-item-class=\"mkdf-eh-custom-8323\" data-1025-1366=\"0 12%\" data-769-1024=\"0 0\" data-681-768=\"0 0\" data-680=\"0 0\">\n\t<div class=\"mkdf-eh-item-inner\">\n\t\t<div class=\"mkdf-eh-item-content mkdf-eh-custom-8323\" style=\"padding: 0 20%\">\n\t\t\t<div class=\"mkdf-section-title-holder  mkdf-st-standard mkdf-st-title-left mkdf-st-normal-space \" style=\"text-align: center\">\n\t<div class=\"mkdf-st-inner\">\n                    <p class=\"mkdf-st-intro-text\"  > slatka tajna <\/p>\n        \t\t\t\t\t<h2 class=\"mkdf-st-title\" >\n\t\t\t\t... na\u0161a pri\u010da\t\t\t<\/h2>\n\t\t                    <div class=\"mkdf-separator-holder clearfix  mkdf-separator-center mkdf-separator-advanced-center mkdf-separator-advanced\">\n\t<div class=\"mkdf-separator\" >\n                    <div class=\"mkdf-adv-sep-inner\">\n                <div class=\"mkdf-adv-sep-line\"  ><\/div>\n                <div class=\"mkdf-adv-sep-dot\"  ><\/div>\n            <\/div>\n            <\/div>\n<\/div>\n        \t\t\t\t\t<h6 class=\"mkdf-st-text\" >\n\t\t\t\tVe\u0107 dugi niz godina slasti\u010darna Ton\u010di u Biogradu na Moru \u010dini Va\u0161 \u017eivot ljep\u0161im sa svojim vizualno neodoljivim i okusima bogatim slasticama. Od sada mo\u017eete preko na\u0161eg web shopa naru\u010diti neke od najpoznatijih vrsta torti kako bi svoje posebne prigode u\u010dinili jo\u0161 ljep\u0161ima.\t\t\t<\/h6>\n\t\t\t<\/div>\n<\/div>\t\t<\/div>\n\t<\/div>\n<\/div><\/div>[vc_empty_space height=&#8221;20px&#8221;][vc_single_image image=&#8221;421&#8243; img_size=&#8221;full&#8221; alignment=&#8221;center&#8221;][\/vc_column][\/vc_row][vc_row parallax_background_image=&#8221;2683&#8243; parallax_bg_height=&#8221;500px&#8221;][vc_column][\/vc_column][\/vc_row][vc_row row_content_width=&#8221;grid&#8221; disable_background_image=&#8221;&#8221; css=&#8221;.vc_custom_1542632709156{padding-top: 145px !important;padding-bottom: 160px !important;}&#8221; simple_background_image=&#8221;3316&#8243;][vc_column]<div class=\"mkdf-elements-holder   mkdf-one-column  mkdf-responsive-mode-768 \" ><div class=\"mkdf-eh-item    \"  data-item-class=\"mkdf-eh-custom-6187\" data-769-1024=\"0 5%\" data-681-768=\"0 0\" data-680=\"0 0\">\n\t<div class=\"mkdf-eh-item-inner\">\n\t\t<div class=\"mkdf-eh-item-content mkdf-eh-custom-6187\" style=\"padding: 0 19%\">\n\t\t\t<div class=\"mkdf-section-title-holder  mkdf-st-standard mkdf-st-title-left mkdf-st-normal-space \" style=\"text-align: center\">\n\t<div class=\"mkdf-st-inner\">\n                    <p class=\"mkdf-st-intro-text\"  > doma\u0107a receptura <\/p>\n        \t\t\t\t\t<h2 class=\"mkdf-st-title\" >\n\t\t\t\tTradicija\t\t\t<\/h2>\n\t\t                    <div class=\"mkdf-separator-holder clearfix  mkdf-separator-center mkdf-separator-advanced-center mkdf-separator-advanced\">\n\t<div class=\"mkdf-separator\" >\n                    <div class=\"mkdf-adv-sep-inner\">\n                <div class=\"mkdf-adv-sep-line\"  ><\/div>\n                <div class=\"mkdf-adv-sep-dot\"  ><\/div>\n            <\/div>\n            <\/div>\n<\/div>\n        \t\t\t\t\t<h6 class=\"mkdf-st-text\" >\n\t\t\t\tOsim ljubavi koju dajemo u svaku na\u0161u kreaciju, najva\u017eniji sastojci na\u0161ih torti i sladoleda su provjereni doma\u0107i sastojci koji garantiraju bogat i poseban okus.\t\t\t<\/h6>\n\t\t\t<\/div>\n<\/div>\t\t<\/div>\n\t<\/div>\n<\/div><\/div>[\/vc_column][\/vc_row]<\/p>\n","protected":false},"excerpt":{"rendered":"<p>[vc_row row_content_width=&#8221;grid&#8221; disable_background_image=&#8221;&#8221; css=&#8221;.vc_custom_1542706997506{padding-top: 146px !important;padding-bottom: 112px !important;}&#8221; simple_background_image=&#8221;3333&#8243;][vc_column][vc_empty_space height=&#8221;20px&#8221;][vc_single_image image=&#8221;421&#8243; img_size=&#8221;full&#8221; alignment=&#8221;center&#8221;][\/vc_column][\/vc_row][vc_row parallax_background_image=&#8221;2683&#8243; parallax_bg_height=&#8221;500px&#8221;][vc_column][\/vc_column][\/vc_row][vc_row row_content_width=&#8221;grid&#8221; disable_background_image=&#8221;&#8221; css=&#8221;.vc_custom_1542632709156{padding-top: 145px !important;padding-bottom: 160px !important;}&#8221; simple_background_image=&#8221;3316&#8243;][vc_column][\/vc_column][\/vc_row]<\/p>\n","protected":false},"author":1,"featured_media":0,"parent":0,"menu_order":0,"comment_status":"closed","ping_status":"open","template":"full-width.php","meta":{"footnotes":""},"class_list":["post-1022","page","type-page","status-publish","hentry"],"_links":{"self":[{"href":"https:\/\/www.caffebar-tonci.hr\/shop\/wp-json\/wp\/v2\/pages\/1022","targetHints":{"allow":["GET"]}}],"collection":[{"href":"https:\/\/www.caffebar-tonci.hr\/shop\/wp-json\/wp\/v2\/pages"}],"about":[{"href":"https:\/\/www.caffebar-tonci.hr\/shop\/wp-json\/wp\/v2\/types\/page"}],"author":[{"embeddable":true,"href":"https:\/\/www.caffebar-tonci.hr\/shop\/wp-json\/wp\/v2\/users\/1"}],"replies":[{"embeddable":true,"href":"https:\/\/www.caffebar-tonci.hr\/shop\/wp-json\/wp\/v2\/comments?post=1022"}],"version-history":[{"count":19,"href":"https:\/\/www.caffebar-tonci.hr\/shop\/wp-json\/wp\/v2\/pages\/1022\/revisions"}],"predecessor-version":[{"id":4701,"href":"https:\/\/www.caffebar-tonci.hr\/shop\/wp-json\/wp\/v2\/pages\/1022\/revisions\/4701"}],"wp:attachment":[{"href":"https:\/\/www.caffebar-tonci.hr\/shop\/wp-json\/wp\/v2\/media?parent=1022"}],"curies":[{"name":"wp","href":"https:\/\/api.w.org\/{rel}","templated":true}]}}